is divided by 19.
14
Let v = 14 - 12. Suppose -4*n - v*w + 18 = -0*n, 3*w = -4*n + 17. Suppose -n*i + 44 = -i. Calculate the remainder when 18 is divided by i.
7
Suppose -75*o = -78*o + 39. Calculate the remainder when 141 is divided by o.
11
Let w = -25 + 30. Let f(d) = -6*d - 6. Calculate the remainder when f(-4) is divided by w.
3
Suppose -5*c + 114 = -2*n + 45, 3*c - 15 = 0. Let l = -19 - n. Calculate the remainder when ((-33)/(-6))/((-2)/(-4)) is divided by l.
2
Suppose 2*u + 5*f - 29 = u, 4*f + 116 = 5*u. Calculate the remainder when u is divided by 22.
2
Suppose 8 = 4*s - 0. Suppose 0 = -s*d - d + 180. Suppose -4*c + d = -0*c. What is the remainder when 28 is divided by c?
13
Suppose m + 2*u - 129 = 0, -657 = -4*m - m - 4*u. Let f = m - 108. Calculate the remainder when 73 is divided by f.
23
Let f(a) = -3*a**2 - 4*a + 41. Let v be f(7). Let m = -130 - v. What is the remainder when 47 is divided by m?
3
Suppose -2*s + 248 = -50. Calculate the remainder when s is divided by 15.
14
Let f = -4898 - -8980. Let s be (-11)/55 - f/(-10). Let t = -274 + s. What is the remainder when t is divided by 34?
32
Let f(d) = d**2 - 8*d + 1. Let m be f(8). Suppose 4*y = 5*z - 107, -y - 2 - m = 0. What is the remainder when 7056/192 + 1/4 is divided by z?
18
Let k = 373 + -353. Calculate the remainder when 61 is divided by k.
1
Let k = -840 + 842. Suppose -4*q + 114 = -5*z, -3*z = 2*q - 45 - 23. Suppose k*a - 13 = q. Calculate the remainder when a is divided by 8.
6
Let d be 2 + -1 + 2 + -1. Suppose 63 + 49 = 8*p. Let v = d + p. What is the remainder when v is divided by 6?
4
Suppose a - 33 = -2*r, 4*r - 8*a = -4*a + 48. Suppose -196 = -42*s + 182. Calculate the remainder when r is divided by s.
6
Let k = -532 - -288. Let m be (-2)/3 - (-52)/(-3). What is the remainder when k/6*m/12 is divided by 32?
29
Let h = 2 + 4. Let y(u) = -33 + 4*u + 26 - u + u. What is the remainder when 65 is divided by y(h)?
14
Let r = -79 - -226. Suppose 16*u = 19*u - r. What is the remainder when u is divided by 10?
9
Suppose -38 = -5*g - b, 2*b = -3*g + 91 - 64. Calculate the remainder when 132 is divided by g.
6
Let u(l) = l + 4. Let k be u(-4). Suppose 5*i = -k*i + 145. Suppose 3*j - 39 = 6. What is the remainder when i is divided by j?
14
Let i be -5 + 1 + 7 + -1. Calculate the remainder when 64/(-20)*(-5)/i is divided by 5.
3
Let z(o) = -2*o + 16 - 5*o - 12*o**2 - o**3 + 30*o**2 - 9*o**2. Calculate the remainder when z(7) is divided by 17.
14
Suppose 18*l = 7*l + 3938. What is the remainder when l is divided by 40?
38
Suppose 18*g - 14 = 22. What is the remainder when 65 is divided by g?
1
Suppose 2*k - 45 = -3*b - 15, 0 = 5*k - b - 109. What is the remainder when 438 is divided by k?
18
Let z(a) = 4*a + 1. Let m be z(8). Suppose 0 = 3*u - 2*o - 16, -2*o = -4*u + 3*o + m. What is the remainder when u is divided by 2?
0
Let g = 278 + -230. Calculate the remainder when 525 is divided by g.
45
Suppose 0*s + 2*s - 24 = 0. Suppose 3*h - 4*n = 7, -35 + s = -5*h + n. Calculate the remainder when 24 is divided by h.
4
Suppose 10 + 2 = 3*l. Suppose 0 = -3*v - k + 46, -4*v = -v + l*k - 49. Calculate the remainder when 84 is divided by v.
9
Let x be -6*-46*(-3)/(-12). Let a = -23 + x. Calculate the remainder when 88 is divided by a.
42
Let k = 247 + -174. What is the remainder when k is divided by 13?
8
Let f(p) = -9*p**3 - 6*p**2 - 2*p + 10. Calculate the remainder when f(-3) is divided by 16.
13
Let t = 2 - 0. Suppose y + 66 = t*y. Let u(s) = s + 5. What is the remainder when y is divided by u(12)?
15
Let h(j) = -j**2 + 27*j + 6. Calculate the remainder when 637 is divided by h(26).
29
Suppose 0 = -z - 4*k + 22 + 10, -5*z = 2*k - 214. Calculate the remainder when z is divided by 6.
2
Suppose 6*h = -48 + 174. What is the remainder when h is divided by (5/1)/((-4)/(-4))?
1
Suppose -5*k - 1 = -6. Suppose -2*o + 10 + k = -p, 5*p + 34 = 3*o. Calculate the remainder when 4 is divided by o.
1
What is the remainder when 603 is divided by (17415/60)/9 + 2/(-8)?
27
Let y = -224 + 341. Let z = y + -68. Let k(c) = -2*c**3 - c**2 - 3*c - 1. Calculate the remainder when z is divided by k(-2).
15
Let i = -51 + 98. Let d = 6 + i. What is the remainder when 210 is divided by d?
51
Suppose -4*w - 442 = 422. Let u = -132 - w. Calculate the remainder when u is divided by (-49)/(-3) - 14/(-21).
16
Let x(f) = f. Calculate the remainder when x(2) is divided by (-68)/(-102)*(-4)/4*-3.
0
Suppose 0 = 3*x - 2*m - 6, 5*x + m + 3 + 0 = 0. Let b be -1*x/(-1 - -3). Suppose b*a - 15 = -5*a. Calculate the remainder when 4 is divided by a.
1
Suppose 4*j = j + 285. Suppose -3*l + 105 = 4*o, 2*o - 2*l - 114 = -3*o. Calculate the remainder when j is divided by o.
23
Suppose -3390*n = -3386*n - 292. Calculate the remainder when n is divided by 26.
21
Suppose -2*n - 43 = 11. Let t be (-708)/n - 2/9. What is the remainder when (-1)/1*-1 + t is divided by 7?
6
Let q(d) = d**3 - 2*d**2 + 2*d + 3. Let b = -30 + 80. Calculate the remainder when b is divided by q(3).
14
Suppose -2*x + 123 = x. Calculate the remainder when (-3 - -4)*(82 + -4) is divided by x.
37
Suppose -b - 3*m + 162 = 0, -2*b - 3*m + 158 = -181. What is the remainder when b is divided by 31?
22
Suppose -t + 3*t = -6. Let y be 10 + -2 + (t - -6). Let w = 21 - y. What is the remainder when 28 is divided by w?
8
Suppose 0*a + 27 = -3*a. Calculate the remainder when 96/a*33/(-4) is divided by 13.
10
Let s(q) = -7*q**2 - 13*q + 8. Let l(a) = -4*a**2 - 6*a + 5. Let r(w) = 5*l(w) - 3*s(w). Let d = 13 + -24. Calculate the remainder when r(d) is divided by 8.
7
Suppose -296 - 1464 = -32*q. Calculate the remainder when 328 is divided by q.
53
Calculate the remainder when 132 - 1/(4*2/(-24)) is divided by 46.
43
Let r = 371 + -190. What is the remainder when r is divided by 26?
25
Let z(x) = -12*x - 13. Let q(y) = y**2 + y + 6. Calculate the remainder when z(-6) is divided by q(-3).
11
Let u(t) = -1 - 13*t**2 + 2*t**2 - 3*t + 12*t**2. What is the remainder when 98 is divided by u(5)?
8
Let o(a) = a**3 - 18*a**2 + a + 21. What is the remainder when o(18) is divided by 11?
6
Let s = -401 + 419. Calculate the remainder when (-2)/(-2)*(-33)/(-1) is divided by s.
15
Let n be (-2)/(-12) + (-46)/(-12). Suppose 3*g = n + 2. Suppose 6 - g = x. Calculate the remainder when x is divided by 3.
1
Suppose 3*r + 23 = 4*j, -4*j + 0*j = 5*r - 15. Let c = -57 + 63. Suppose 3*t - 48 = -c. What is the remainder when t is divided by j?
4
Suppose 969 = 8*l + 9*l. Calculate the remainder when l is divided by 13.
5
Let q = -42 + 30. Let j be (4/q)/((-2)/36). Suppose j = 3*b, 0 = 4*k + k - b - 108. Calculate the remainder when 63 is divided by k.
19
What is the remainder when ((-2)/6)/(3750/1251 + -3) is divided by 0 - 1/(1/(-47))?
45
Let n be 10/((16/20)/(18/15)). Suppose -c + 48 - n = 0. Calculate the remainder when 129 is divided by c.
30
Let r = -124 - -139. Let s(g) = -g**2 + 14*g + 26. What is the remainder when s(14) is divided by r?
11
Suppose 2*i = -3*i + 75. Let l be 62/(-15) + 10/75. What is the remainder when 60 - ((-3)/1 - l) is divided by i?
14
Let u = -28 + 35. Suppose -5*v - 5*l = -70, v = -0*v - 4*l + 2. Calculate the remainder when v is divided by u.
4
Let n be (-18)/99 + 68/11. Suppose -w = 5*c - n, w - 7*c = -2*c + 6. Calculate the remainder when 14 is divided by w.
2
Suppose 99*h = 96*h + 273. Suppose -3*f + 2*v = -0*v - h, 0 = -3*v + 12. What is the remainder when f is divided by 7?
5
Let x(i) = i**2 + 22*i + 42. Let v be x(-20). Let k(a) = -4*a + 13. Let b(d) = 2*d**2 - 6*d + 6. What is the remainder when b(4) is divided by k(v)?
4
Let i = 14 + -10. Suppose -7 = -z + 4*r + 10, -i*z + 4*r + 104 = 0. What is the remainder when z is divided by 550/44*8/10?
9
Let x = -172 - -233. Suppose 64 = -3*z + 7*z. Calculate the remainder when x is divided by z.
13
Suppose -9*q - 133 + 439 = 0. Calculate the remainder when 124 is divided by q.
22
Let z be (2/(-4))/(1/(-6)). Suppose 4*i + 2*d - z*d - 212 = 0, 2*i - d - 108 = 0. Calculate the remainder when i is divided by 9.
7
What is the remainder when 370 is divided by (-150)/45*(-42)/4?
20
Let m = 10 + 90. Suppose g + m = 6*g. Calculate the remainder when 56 is divided by g.
16
Let n be 4*3/24*-2*-2. Suppose -2*x - 3*d + 19 = 0